
True
Is 109381 a prime number?
False
Is 306487 composite?
True
Is 571903 a composite number?
False
Is 42871 composite?
True
Is 58937 a prime number?
True
Is 25369 composite?
True
Is 33997 a prime number?
True
Is 326653 composite?
True
Is 1367 composite?
False
Is 169559 composite?
True
Is 50665 a prime number?
False
Is 26293 a composite number?
False
Is 8419 composite?
False
Is 215843 prime?
True
Is 91477 a composite number?
True
Is 65539 a prime number?
True
Is 138271 composite?
True
Is 824774 a prime number?
False
Is 487561 a composite number?
False
Is 21163 prime?
True
Is 248371 composite?
False
Is 6863 a prime number?
True
Is 145511 composite?
False
Is 11903 a prime number?
True
Is 61751 prime?
True
Is 8399 a prime number?
False
Is 413653 prime?
True
Is 76069 prime?
False
Is 130121 prime?
True
Is 90221 a prime number?
False
Is 265789 a prime number?
False
Is 47837 a prime number?
True
Is 594361 composite?
True
Is 34981 a prime number?
True
Is 30367 prime?
True
Is 8172103 composite?
False
Is 37651 a prime number?
False
Is 545521 composite?
False
Is 4663 a composite number?
False
Is 123577 a prime number?
False
Is 1441567 a prime number?
True
Is 31051 prime?
True
Is 169657 prime?
True
Is 77659 a composite number?
False
Is 12319 a composite number?
True
Is 146867 composite?
True
Is 251 composite?
False
Is 16255 composite?
True
Is 13217 composite?
False
Is 22637 composite?
False
Is 65323 a composite number?
False
Is 5606 prime?
False
Is 342989 prime?
True
Is 19717 a prime number?
True
Is 71609 a prime number?
False
Is 275951 a prime number?
False
Is 164729 a composite number?
False
Is 473793 prime?
False
Is 149613 a prime number?
False
Is 900613 prime?
False
Is 1857 prime?
False
Is 233837 a prime number?
True
Is 6563 composite?
False
Is 1231953 a prime number?
False
Is 10937 composite?
False
Is 88969 a prime number?
True
Is 5623 composite?
False
Is 10903 composite?
False
Is 102533 a composite number?
False
Is 19373 composite?
False
Is 492967 a composite number?
False
Is 263 a composite number?
False
Is 101081 a composite number?
False
Is 7807 a composite number?
True
Is 300257 composite?
True
Is 4435817 composite?
False
Is 1286059 a prime number?
False
Is 48563 prime?
True
Is 58822 a composite number?
True
Is 2774381 composite?
False
Is 65477 a composite number?
True
Is 43081 composite?
True
Is 13043 a composite number?
False
Is 16273 a composite number?
False
Is 4621 composite?
False
Is 430487 prime?
True
Is 106529 composite?
True
Is 10805 prime?
False
Is 4981 prime?
False
Is 94169 a composite number?
False
Is 89941 composite?
True
Is 57091 prime?
False
Is 943 a composite number?
True
Is 8483 composite?
True
Is 2872837 composite?
True
Is 17159 a prime number?
True
Is 18013 a composite number?
False
Is 18649 prime?
False
Is 2633 a prime number?
True
Is 291157 prime?
False
Is 287193 a composite number?
True
Is 98909 composite?
False
Is 30499 composite?
True
Is 5381 a prime number?
True
Is 6073 composite?
False
Is 105663 prime?
False
Is 118961 a prime number?
False
Is 153313 a composite number?
False
Is 104623 a prime number?
True
Is 3083 composite?
False
Is 26137 prime?
False
Is 42209 prime?
True
Is 14709 a prime number?
False
Is 220301 composite?
False
Is 547882 a composite number?
True
Is 2342159 composite?
True
Is 43913 prime?
True
Is 39821 composite?
False
Is 2491 a prime number?
False
Is 51749 a prime number?
True
Is 29327 a composite number?
False
Is 131 a composite number?
False
Is 11303 prime?
False
Is 10551 a composite number?
True
Is 114467 a composite number?
False
Is 172489 prime?
True
Is 19231 composite?
False
Is 8977 a prime number?
False
Is 680809 composite?
False
Is 7243 prime?
True
Is 158 composite?
True
Is 400251 a prime number?
False
Is 1423 a prime number?
True
Is 35609 a composite number?
True
Is 146339 prime?
False
Is 333911 composite?
False
Is 7451 prime?
True
Is 1521853 a composite number?
False
Is 46693 prime?
False
Is 1434161 a composite number?
False
Is 10739 prime?
True
Is 21259 prime?
False
Is 17471 a prime number?
True
Is 8563 a composite number?
False
Is 32093 a composite number?
True
Is 16619 composite?
False
Is 61933 a prime number?
True
Is 7151 prime?
True
Is 22107 prime?
False
Is 33409 composite?
False
Is 1483903 a composite number?
False
Is 39181 a prime number?
True
Is 55771 prime?
False
Is 641407 a composite number?
True
Is 474913 composite?
True
Is 458263 a composite number?
True
Is 3483489 prime?
False
Is 719227 a composite number?
False
Is 29897 composite?
True
Is 5163 prime?
False
Is 1293233 composite?
False
Is 25331 a composite number?
True
Is 21011 prime?
True
Is 187571 prime?
False
Is 16307 a composite number?
True
Is 260701 prime?
False
Is 48767 prime?
True
Is 130703 prime?
False
Is 14897 a prime number?
True
Is 77383 prime?
True
Is 368357 composite?
True
Is 230331 prime?
False
Is 790193 prime?
False
Is 1409 a prime number?
True
Is 1733 a prime number?
True
Is 117427 a prime number?
True
Is 6511 a prime number?
False
Is 270563 a composite number?
False
Is 41063 a composite number?
True
Is 1043 a prime number?
False
Is 72073 composite?
False
Is 323 prime?
False
Is 31957 a composite number?
False
Is 691 prime?
True
Is 1155821 a composite number?
False
Is 39097 composite?
False
Is 945539 prime?
False
Is 13361 a prime number?
False
Is 763391 composite?
False
Is 27026 composite?
True
Is 287921 a composite number?
False
Is 3935 a composite number?
True
Is 23269 a prime number?
True
Is 106487 a prime number?
True
Is 42899 a prime number?
True
Is 1411 composite?
True
Is 662 composite?
True
Is 127913 prime?
True
Is 6563 prime?
True
Is 8923 a composite number?
False
Is 907001 a prime number?
False
Is 26431 a prime number?
True
Is 6469 prime?
True
Is 174347 a prime number?
True
Is 63197 composite?
False
Is 479 a composite number?
False
Is 10193 composite?
False
Is 40955 prime?
False
Is 34999 a prime number?
False
Is 359933 composite?
True
Is 373834 composite?
True
Is 296914 prime?
False
Is 14759 a composite number?
False
Is 17462 composite?
True
Is 753007 composite?
False
Is 727347 composite?
True
Is 20849 a prime number?
True
Is 1229 a prime number?
True
Is 35933 prime?
True
Is 468415 composite?
True
Is 235 prime?
False
Is 14533 composite?
False
Is 143 prime?
False
Is 377 composite?
True
Is 147439 a prime number?
False
Is 1297097 prime?
False
Is 1049 a composite number?
False
Is 760949 a prime number?
False
Is 13549 a composite number?
True
Is 716897 a composite number?
False
Is 46049 prime?
True
Is 189301 a prime number?
False
Is 18229 prime?
True
Is 5647 prime?
True
Is 2353 composite?
True
Is 21239 a prime number?
False
Is 2433 a composite number?
True
Is 1291 composite?
False
Is 1346089 a composite number?
True
Is 3641 a prime number?
False
Is 251653 a composite number?
False
Is 23938 a composite number?
True
Is 31853 a prime number?
False
Is 1511 a prime number?
True
Is 24133 composite?
False
Is 14137 prime?
False
Is 209303 a composite number?
True
Is 37402 a composite number?
True
Is 36371 prime?
False
Is 2591 composite?
False
Is 7789 composite?
False
Is 8999 a composite number?
False
Is 439081 a composite number?
False
Is 7933 a composite number?
False
Is 55763 composite?
False
Is 78749 a composite number?
True
Is 17291 a prime number?
True
Is 142531 a composite number?
True
Is 2449 composite?
True
Is 13609 a prime number?
False
Is 136331 prime?
False
Is 405773 a composite number?
True
Is 17533 a prime number?
False
Is 197083 composite?
False
Is 61819 a composite number?
False
Is 34913 prime?
True
Is 303859 prime?
True
Is 2771 prime?
False
Is 143461 a composite number?
False
Is 282067 composite?
True
Is 25073 composite?
False
Is 205391 a prime number?
True
Is 1472767 prime?
True
Is 317921 a prime number?
True
Is 52229 prime?
False
Is 83767 composite?
True
Is 68371 a prime number?
True
Is 48407 composite?
False
Is 91649 a composite number?
True
Is 44677 composite?
True
Is 59111 prime?
False
Is 5779 composite?
False
Is 92054 a prime number?
False
Is 2844133 prime?
True
Is 13987 prime?
False
Is 59863 composite?
False
Is 268706 a composite number?
True
Is 24807 composite?
True
Is 91261 a composite number?
True
Is 7 composite?
False
Is 149143 prime?
True
Is 466 prime?
False
Is 273457 a composite number?